 common divisor of 48 and u?
12
Let m(u) = u**2 - 3*u - 6. Let y be m(7). Let t be -10*y/(-3 + 1 + 1). Calculate the greatest common factor of 55 and t.
55
Let u(y) = y**3 - 5*y**2 + 3*y - 4. Let o be u(5). Let p be o*(0/(-3) + -4). Let f = p - -66. What is the greatest common divisor of 66 and f?
22
Let t be 12/(-10)*(462/(-18) + -1). Suppose 11*d - 1651 = t. What is the highest common divisor of d and 17?
17
Let s be (0/4)/(-3) - 51. Let j = 60 + s. Calculate the highest common divisor of 81 and j.
9
Let a(i) = -4 + 7*i - 15*i - 5 - i. Let j be a(-3). What is the greatest common divisor of j and 72?
18
Suppose -2*k = 5*d - 541, -12*k + 11*k + 253 = -d. Calculate the highest common factor of 86 and k.
86
Suppose -4*f = 2*r - 1064, -6*r = -2*r. Calculate the greatest common factor of 38 and f.
38
Let d be (-6)/(-9) + 13/3. Let h = d + -4. Suppose -12 + 21 = 9*c. Calculate the highest common divisor of h and c.
1
Suppose 0 = -7*y + 8 + 244. What is the highest common factor of 828 and y?
36
Let d(a) = a + 26. Let v be d(-16). What is the greatest common factor of 70 and v?
10
Let w(v) = -v**2 + 20*v + 23. Let y be w(21). Let t be (2 - 177/(-6))*y. What is the highest common divisor of t and 7?
7
Suppose 2*c - 1 = k - 10, -4*k + 5*c = -42. Suppose -u = -45 + k. Calculate the highest common factor of 8 and u.
8
Suppose -78*m = -75*m - 1020. Calculate the greatest common divisor of 68 and m.
68
Let n be -3 + (-136)/(-40) - 924/(-15). What is the highest common factor of 3286 and n?
62
Let g(x) = 293*x**2 - 2*x - 1. Let i be g(-1). Suppose 3*c = 10*c - i. Calculate the greatest common divisor of 336 and c.
42
Suppose 0 = g - 4*f - 147, 0 = 4*g - 2*f + 4*f - 570. Let a = 142 + -129. Calculate the highest common divisor of a and g.
13
Let v be (-1)/(12/309)*-4. Let h = -26 + v. Let u = 110 - 103. What is the highest common factor of h and u?
7
Let b = 63 + -53. Let w(s) = -s**2 + 13*s. Let m be w(8). What is the greatest common factor of b and m?
10
Let i be (-4 - -7)/((-6)/4). Let a be (-4 + 6)/(i/(-4)). Suppose 0 = a*x + 5*z - 220, -5*x - 3*z = -7*z - 316. What is the highest common divisor of 12 and x?
12
Suppose -4*n - 3*z + 96 = 0, 0 = -2*z - 2*z. Suppose -10*w + n = -8*w. Calculate the greatest common divisor of w and 4.
4
Let u be 185 + -178 - 1544/(-2). What is the greatest common divisor of u and 123?
41
Suppose 0 = 3*t - 5*y - 48, 3*y - 39 = -2*t + 4*y. Calculate the highest common factor of t and 21.
21
Let y(k) = k**2 - 10*k - 16. Let n = 7 - 5. Suppose 4*u - 42 = -2*j, -5*u - j - n*j = -51. Let w be y(u). What is the greatest common divisor of 64 and w?
8
Suppose -12*w = -6*w - 432. What is the greatest common factor of 8 and w?
8
Let x = 5710 + -5670. Let f(l) = 6*l**2 - 2*l - 4. Let r be f(-4). What is the highest common divisor of x and r?
20
Suppose -4*w + 6*w - 40 = 0. Let k be (-9)/(-2) + 3/6. Suppose 0 = 4*a - 4, 644 = -y + k*y + 4*a. Calculate the greatest common factor of w and y.
20
Suppose 8 = -4*j, -2*d + 28 = -5*j + 16. What is the greatest common factor of d and 81?
1
Let d be 4/(-2) - (-28)/7. Suppose -y + 3 = 1. Suppose q + y = 4. Calculate the highest common factor of d and q.
2
Let c = -56 + 69. Let y = c + 77. Calculate the highest common factor of 135 and y.
45
Let y(g) = 342*g**3 - 4*g**2 - 6*g + 9. Let p be y(1). What is the greatest common divisor of 93 and p?
31
Let u(m) = 39*m**2 + 3*m - 4. Let h be u(1). What is the highest common factor of h and 2?
2
Let s(n) be the second derivative of -13*n**4/2 - 3*n. Let g be s(-1). Let i = -50 - g. Calculate the greatest common factor of i and 14.
14
Let d(x) be the second derivative of -x**5/20 - 5*x**4/12 - 5*x**3/6 + 3*x**2/2 + x - 1. Let w be d(-4). Calculate the greatest common divisor of 14 and w.
7
Let n = 2301 - 2274. What is the highest common divisor of n and 1107?
27
Suppose 135 = -18*o + 21*o. Suppose 85 = 2*a + 5*w, -158 + 53 = -4*a + 3*w. What is the highest common factor of a and o?
15
Let f(m) = -m**3 - 28*m**2 - 29*m - 26. Let g be f(-27). What is the greatest common factor of 1876 and g?
28
Let s(u) = -2*u**3 - 4*u**2 - 8*u - 2. Let l be s(-2). What is the highest common divisor of l and 8?
2
Let c(w) = w**2 - 5*w - 10. Let l be c(8). Suppose -9*h + 45 + 18 = 0. What is the highest common divisor of l and h?
7
Suppose 0 = -2*q + 7*q - 315. What is the greatest common divisor of q and 45?
9
Let v(u) = u**2 - u - 1. Suppose 6 + 0 = 2*y. Let d be v(y). Let q be -6 + d + 37*3. What is the highest common divisor of q and 22?
22
Let a(l) = 3*l - 3. Let y be a(6). What is the highest common factor of y and 25?
5
Suppose 0*h = 3*h - 321. Let s be (-20)/(-8)*6/(-5). Let f be s/(-9) - h/(-3). Calculate the highest common divisor of f and 9.
9
Let c(u) = 15*u - 10 + u**3 - 18*u - 11*u**2 - 2*u**3. Suppose 2*d = 3*d + 11. Let z be c(d). What is the greatest common factor of 207 and z?
23
Let z(w) = w**2 + 9*w - 12. Let m be z(-13). Let v = m + -34. What is the greatest common factor of 3 and v?
3
Suppose -2*v - 207 = -7*f + 4*f, -5*f = 4*v + 359. Let u be v/9*(-75)/10. Calculate the highest common factor of u and 5.
5
Let w = -3123 + 3139. Let y be 0 - 3/((-3)/1). Let g be (12/(-14))/(y/(-56)). Calculate the highest common factor of w and g.
16
Suppose 2*x - x = 36. Let z(r) = -r**2 - 18*r + 9. Let f be z(-18). Calculate the greatest common factor of f and x.
9
Let r(w) = -3*w - 19. Let b be r(-8). Suppose 0 = -2*x + b*x - 3*g - 12, 2*x = -g + 20. Calculate the greatest common divisor of 32 and x.
8
Suppose 162*o - 157*o - 4*s = 82, 0 = -4*o - 5*s + 82. Calculate the greatest common factor of 144 and o.
18
Let t = 1075 + -971. What is the highest common divisor of 312 and t?
104
Let q = 9467 - 5451. What is the greatest common divisor of q and 16?
16
Let v(i) = 10*i + 11. Let u be v(-8). Let t = 8 - u. Suppose 303 - 358 = -5*j. Calculate the highest common factor of t and j.
11
Suppose -4*r - 33 = 7. Let s = 30 - r. Let p(d) = -d**2 - 6*d - 3. Let c be p(-4). Calculate the highest common divisor of s and c.
5
Suppose 5*k + 0*k = -2*p + 135, 0 = 2*p - 5*k - 85. Calculate the greatest common divisor of 22 and p.
11
Let y be ((-3)/3 - -1)*-1. Suppose y = -0*p + p - 11. Calculate the greatest common divisor of p and 22.
11
Let v be (-146)/(2 + (2 - 2)). Let m = v + 95. What is the greatest common divisor of m and 44?
22
Suppose -2*l = -13*l + 99. Calculate the highest common divisor of l and 48.
3
Suppose 365 - 109 = 16*x. Calculate the greatest common factor of x and 9.
1
Suppose 3*p + 0*p = 5*p. Suppose 0 = -7*q - p*q + 84. What is the highest common factor of 24 and q?
12
Let n be 3 - -22 - (-5 + 8). Suppose 18*x - n*x + 120 = 0. What is the highest common divisor of x and 6?
6
Let z = 19 + -13. Suppose 9*t = z*t + 165. What is the highest common divisor of 5 and t?
5
Suppose 271 - 1000 = -9*q. Calculate the highest common divisor of q and 18.
9
Let o = -176 + 156. Let g be (-5 - o)/(8 + -5). Suppose -14 - 1 = -5*q, -3*k = -4*q - 153. What is the highest common factor of g and k?
5
Suppose 2 - 7 = d. Suppose -4*h = 16, -4*g + h - 388 = 5*h. Let s be d/(-20) + g/(-12). What is the greatest common factor of 1 and s?
1
Let b = 1379 - 175. What is the greatest common factor of 28 and b?
28
Let p(h) = 5*h**2 + 7*h + 16. Let a be p(7). What is the greatest common factor of 186 and a?
62
Let n(l) = -4 + 61*l**3 + 6 - 2*l + 159*l**3. Let h be n(1). Suppose 2*g = 2*u - 29 - 15, 8 = -4*g. What is the highest common factor of h and u?
20
Let n be 2 + -3 - (-4347)/27. Calculate the greatest common divisor of n and 20.
20
Let l(c) = 6*c - 21. Let y be l(6). Let r be (35/y - 2)*(-1 - -10). What is the highest common factor of 12 and r?
3
Let u be (26/6 - 4)*144. Calculate the highest common divisor of 216 and u.
24
Let s(u) = 49*u - 21. Let j be s(12). Suppose y + j = 4*y. Calculate the highest common factor of y and 27.
27
Suppose 0*z = -3*z + 3*d + 39, -3*z = -4*d - 43. What is the highest common factor of 174 and z?
3
Suppose -2*v = 7*t - 5*t - 142, -5*v + 5*t = -365. Let w(s) = 9*s**2. Let p be w(1). Calculate the greatest common factor of p and v.
9
Let w(b) = -b**3 - 10*b**2 - 16*b + 13. Let j be w(-8). What is the highest common factor of j and 533?
13
Suppose -14*q - 5